rivative of -z**2 - 7 + 0*z**2 + 2. Give r(-2).
4
Let h(i) = -i**3 + 8*i**2 - 8*i + 6. Let l be h(7). Let w(k) = k**3 - 2*k**2 + 2*k - 1. Let d be w(1). Let u(t) = d*t**2 + t**2 + 6*t**2. Determine u(l).
7
Let n(j) = 1. Let i(p) = -3*p - 4. Let f = 1 + -2. Let d(y) = f*i(y) - 5*n(y). Let u be (2/(-5))/(21/105). Give d(u).
-7
Let v(q) = -q**3 - 2*q**2 + 1. Suppose 3*h + 12 = 15. Give v(h).
-2
Suppose 0*r + 3*r = 3. Let u(g) = 13*g**3 + g**2 - g. Determine u(r).
13
Let g(j) = -j**3 + 4*j**2 + 2*j - 4. Let x(l) = l**3 + 14*l**2 - 33*l - 11. Let w be x(-16). Determine g(w).
-19
Let p(y) be the second derivative of -y**5/20 + 7*y**4/12 - 7*y**3/6 + 47*y. Give p(5).
15
Suppose n + w = 3, 3*w + 3 = -2*n + 5*n. Let o(k) = k**3 - 3*k**2 + k + 2. What is o(n)?
0
Let v be 2 - (2 - (-2 - -4)). Suppose -v*s + 3*h = -2 - 20, 3*h = -5*s + 13. Suppose -s = -2*p + 3*p. Let l(t) = t**3 + 6*t**2 + 6*t + 7. What is l(p)?
2
Let q(s) be the second derivative of s**4/12 + s**2/2 + 11*s. What is q(1)?
2
Let t(j) = j**3 - 3*j. Let x(l) = 2*l**3 - 4*l + 1. Let u(m) = 5*t(m) - 4*x(m). Let v(z) be the first derivative of u(z). Calculate v(1).
-8
Let h(v) = -1. Let o(x) = -x**2 + 5*x - 8. Let r(u) = -3*h(u) + o(u). Give r(6).
-11
Let o(u) = 2*u - 4. Let j(v) = v - 3. Let h be j(6). Let c be o(h). Let r(m) be the first derivative of -m**2 - 2*m - 1. What is r(c)?
-6
Let o(h) be the first derivative of 1 + 1/24*h**4 - 1/90*h**6 + 0*h**2 + 0*h + h**3 + 0*h**5. Let d(b) be the third derivative of o(b). Determine d(1).
-3
Let g(t) be the third derivative of -t**6/120 - t**5/12 + t**3 - t**2. Give g(-5).
6
Let l(x) = 2 + 0 - x + 7. Let o(r) = 7*r + 5. Let t be o(2). Suppose -14 = y - t. Determine l(y).
4
Let g(p) be the first derivative of -p**4/4 - 5*p**3/3 - 2*p**2 + 3*p - 5. Suppose -15 = -4*k - k. Suppose 2*w + 10 = 2*b, 3*b + 14 = -5*w - k. Give g(w).
3
Let l(g) = 6*g + 6. Let b be (-6)/24 - 45/12. Determine l(b).
-18
Suppose 4*a + 26 = -22. Let h be (8/(-6))/(8/a). Let t(l) = -2*l - 2. Give t(h).
-6
Suppose -3*w = -2*s, 2*s = -2*s - w + 14. Let h(o) be the third derivative of -1/12*o**5 + 2*o**2 - 1/24*o**4 - o**s - 1/120*o**6 + 0 + 0*o. Determine h(-5).
-1
Let w(p) = -3*p - 3. Let y = -3 + 7. Let d be y/10 - (-52)/20. Let c be (4*-2 - -2) + d. What is w(c)?
6
Let v(l) = -5 + l - 2*l + 0*l. Suppose 0 = 6*r - 5*r + 5. Calculate v(r).
0
Let l(t) = -2*t - 2. Let o be -5 + 4 + -2 - -6. Suppose -n - o = 1. What is l(n)?
6
Let p be 2 + -1 - (0 + 2). Let g(o) = -o**3 + o**2 + o + 1. Give g(p).
2
Let w be (2/(-8))/((-2)/8). Let t be 3/((-3)/(-2)*w). Let o(l) = -6*l**3 + 5*l**3 - 3*l**t + 5*l**2. What is o(2)?
0
Let w(g) = 78*g + 1 - 81*g - 1 + g**2. Give w(6).
18
Let c(u) = -u**3 + u**2 - 4*u - 3. Let h be (-4)/(-2) - (-4)/(-1). Calculate c(h).
17
Suppose 4 = 3*d - 4*o, -4*d + 3*o + 3 = -d. Let b(t) = d*t - t + 2*t + 0*t - 2. What is b(3)?
1
Let x(z) = -2*z - 3. Suppose 2*t = -5*p + 34, t - 27 = -4*p - 7. Let f be 141/t - 2/(-8). Let v = 8 - f. What is x(v)?
5
Let r(a) = -1 - 20 - a**2 - 7*a + 18. Give r(-4).
9
Let s(q) = 6*q - 6. Let n(v) = 7*v - 6. Let c(z) = 5*n(z) - 6*s(z). Determine c(4).
2
Let y(v) be the second derivative of -3*v**3/2 - 16*v. Determine y(-1).
9
Suppose b + 1 + 1 = 0. Let a(s) = -2*s. Give a(b).
4
Let d(h) = -5*h**3 - 2*h**2 + h. Let q(k) = -k**3 + 2*k**2 + 4*k - 2. Let v be q(3). Let o be d(v). Let b(a) = a + 8. Determine b(o).
2
Let u(m) = m**3 - 6*m**2 + 7*m + 2. Let h be u(5). Let d be h/9*(-9)/(-6). Let z(o) = 5*o - 2. Calculate z(d).
8
Suppose -2*r - 3*r = -5. Let w(y) = 0 - 9 + y - r. Suppose 16 = 2*z + 3*n, 0 = -2*n - n + 6. What is w(z)?
-5
Let l(o) = -6*o**2 + o. Suppose 0 = -3*w - 3*s - 15, -s - 16 = 3*s. Let a be w*2 + 4/4. Determine l(a).
-7
Let u(f) = f**3 + f**2 - f + 4. Let v be u(0). Let m(j) = -2 + v*j - 5*j - 4*j + j**2 + j**3. Calculate m(-3).
-5
Let b(i) = -3*i - 1. Let l(o) = -o + 4. Let z be l(0). Suppose -z = -2*c - 0. Determine b(c).
-7
Let m(x) = -2*x - 7 - 5*x + 3*x + x**2. Let j be 1/(2/4) + 3. What is m(j)?
-2
Let p(b) = 2*b**2 - 1 - 421*b + 421*b. Suppose 4*w + 5 = 21. Let j = 5 - w. What is p(j)?
1
Suppose 0 = 2*y + 2*d + 2, d = 3*y + 2 - 19. Let m(z) = z**2 - 5*z + 2. Determine m(y).
-2
Let i(u) = 3*u - 2. Let q be -4 - (-1 + -3 + 6). Let m = q - -4. Determine i(m).
-8
Let p(q) = q + 1. Let c = 7 + -13. Calculate p(c).
-5
Let s(t) = -2*t**2 + 0*t**2 - 3*t**2. Suppose 4*c = 2*n - 5 - 5, 4*c = -5*n + 53. Suppose 3*j = 9, -4*l + 3*j - n = -4. Calculate s(l).
-5
Let c(t) = 0*t + 11*t - 9*t. Calculate c(2).
4
Suppose 5*o - 5 = 4*o. Let v(r) = 3*r - 11. Let l(z) = z. Let g(x) = 2*l(x) - v(x). What is g(o)?
6
Let h(p) = p**2 - p - 1. Suppose 5*x = 2*m - 4 - 7, 5*x = -4*m + 7. Calculate h(x).
1
Let s = -16 + 7. Let h be 4/(-18)*3*s. Suppose -4*x - h + 1 = 3*o, -4*o + x = -6. Let r(m) = 4*m - 1. What is r(o)?
3
Let f(i) = 1 - 2*i**2 - i**3 + 3*i**3 - i**3. Suppose s - 2 = -2*g, 3*g - 3*s - 14 = s. Determine f(g).
1
Let l be (-2)/(-12) + (-116)/(-24). Let d(k) = 3*k + 1. Calculate d(l).
16
Let l(z) = -2*z**3 - z**2 + 4*z + 3. Let k be -3 + (0 - -3) - -2. Suppose -3*v = g + 2, k*v = g + 3 - 1. Give l(g).
7
Let y(s) = -1. Let j(b) = -b**2 - 2*b + 2. Let v(r) = r**3 - 10*r**2 + 8*r + 5. Let q be v(9). Let m(g) = q*y(g) + j(g). Determine m(-5).
-9
Let g(s) be the third derivative of -1/20*s**5 + 0 - 1/8*s**4 - 1/120*s**6 - 4*s**2 - 1/6*s**3 + 0*s. What is g(-2)?
1
Let c = 7 + -5. Let g(n) = 3*n**3 + 3*n**2 - n. Let t(d) = 5*d**3 + 6*d**2 - 2*d. Let u(a) = -7*g(a) + 4*t(a). Give u(c).
2
Suppose 2*n - 4*v + 41 = -3*n, 0 = -5*n - 5*v - 5. Let m(j) be the second derivative of -j**4/12 - j**3/2 - j**2/2 + 21*j. Determine m(n).
-11
Let l(q) = q**2 + 10*q + 6. Let n be (44/(-5))/1 - 2/10. What is l(n)?
-3
Let w(k) be the third derivative of -k**4/24 + k**3/3 + 2*k**2. Give w(4).
-2
Let k(i) = 3*i - 2. Let p(d) = -4*d + 3. Let f(o) = -3*k(o) - 2*p(o). Let g(a) = -a - 9. Let x be g(-9). Let q be 1 - x - 8/(-2). Give f(q).
-5
Let x(l) = l**3 + 25 - 40 - l**2 + 19 + l. Let y(z) = z**2 - z. Let a be y(1). Calculate x(a).
4
Let n(u) = 17 - 20 - 4*u**3 + 3*u**3 + 4*u**2 + 6*u. Determine n(5).
2
Let g(l) be the third derivative of l**4/24 + 7*l**3/6 - l**2. Let o be g(-5). Let b(v) = -2*v + 1. What is b(o)?
-3
Let o(y) = -12*y - 5. Let u(k) = 13*k + 6. Let z(r) = -6*o(r) - 5*u(r). Let l = 6 + -3. Suppose 0 = -w + l - 2. Calculate z(w).
7
Let g(h) = -14*h + 6. Let b(q) = 3 - 7*q + 7 - 2*q - 6. Let z(j) = -8*b(j) + 5*g(j). Determine z(5).
8
Let n(l) = -2*l + 3. Let p(b) = b**2 - b + 1. Let c(g) = -n(g) + 4*p(g). Let y be -2*(2/(-4))/1. Determine c(y).
3
Let q be 9/2*(-4)/3. Let x be (-2 - (q - -2)) + -3. Let d(l) = 3*l**3 - l**2 - 7*l - 10. Let j(r) = r**3 - 2*r - 3. Let f(u) = 2*d(u) - 7*j(u). Calculate f(x).
0
Let r(i) = -5*i**3 + 5*i**2. Suppose -2 = 4*d - 10. Let n(w) = -4*w**3 + 8*w**2 + w**d - 5*w**3. Let z(v) = 6*n(v) - 11*r(v). Determine z(2).
4
Let v(x) = -2*x**2 + 2*x + 15. Let h(c) = c**2 - c - 8. Let s(n) = 11*h(n) + 6*v(n). Let k be 4/40*-22 - 12/(-60). Give s(k).
-4
Let u(h) = -13*h**2 - 1 + 20*h**2 + 2*h**2. Let j(t) = t**2 - 5*t - 4. Let r be j(6). Suppose r = 5*d - 3. What is u(d)?
8
Let x = -19 - -27. Suppose 5*d - d - x = 0. Let m be 3*((-4)/6 + d). Let q(r) = -r**3 + 3*r**2 + 3*r - 6. What is q(m)?
-10
Let t = -25 + 43. Let y be 8/3*t/6. Let h(i) = 8*i + 7*i**2 - y - 4*i + 2*i + i**3. Determine h(-6).
-8
Let a(l) = l - 3. Let d(u) = -2*u + 1. Let p(b) = -9*b + 5. Let w(h) = 26*d(h) - 6*p(h). Let n(g) = -3*a(g) + 2*w(g). Give n(-3).
-2
Suppose l - 6*l = 4*a - 20, -l + 5*a = -4. Let g(y) = 6 - y - 4*y + 2*y. Give g(l).
-6
Suppose 0*a = -5*a. Suppose -f - 1 = a, -f = 2*n + 2*f + 3. Let t(z) = 1 + 8*z - 2*z + n + 0*z. Calculate t(-1).
-5
Let k(q) = -3*q**2 - q. Let h be (-3)/(-2) + (-1)/(-2). Suppose -t = 1 - h. Calculate k(t).
-4
Let k(m) be the first derivative of 2*m**3 - m**2 + m - 2. Suppose 0*l + l = 1. What is k(l)?
5
Let l(q) = -q + 2. Let x be l(3). Let o(g) = 3*g**2 + g + 1. Give o(x).
3
Let u(v) = -3*v + 8 - 4 + 2*v**2 - v**2 - 2*v. Let n(y) = -y. Let j be n(-4). Give u(j).
0
Let z(w) = -w. Let t(n) = n. Let c be t(2). Let y be (-22)/4 - c/4. Let r be 8/y*(-9)/2. Give z(r).
-6
Let u(f) = f**2 - 7*f - 2. Let c be u(7). Let s 